Let n = 330 + -322. Suppose 5*s - 193 - 247 = 0. Let a = s + 0. What is the highest common factor of n and a?
8
Suppose 0 = w - 3, 4*u - 2*w - 73 + 15 = 0. Calculate the greatest common divisor of u and 464.
16
Let a be (-6)/(-2 - (5/2)/(-5)). Calculate the highest common divisor of 54 and a.
2
Let k(w) = -w + 29. Let t be k(10). Let z be (-3)/(4 - 1) - -3. Suppose z*x = 465 + t. What is the greatest common factor of x and 22?
22
Suppose 12*f - 34 = 110. What is the highest common divisor of f and 276?
12
Let y = -13 + 14. Let c be -3 - (y + 3) - 4. Let k(h) = h**2 + 10*h. Let p be k(c). Calculate the highest common factor of 88 and p.
11
Suppose -25 = -12*a + 11. Let h be 3/(-9)*a*-8. What is the greatest common factor of h and 32?
8
Suppose 13*n - 12 = 9*n. Suppose 0 = -n*m + 3 + 21. What is the greatest common divisor of m and 2?
2
Let p be (-5688)/(-6) - (-11 - -7). What is the greatest common factor of p and 224?
56
Let z = 362 + 250. What is the greatest common divisor of 68 and z?
68
Let r = -32 - -122. Calculate the greatest common divisor of 10 and r.
10
Let x(i) = -15*i - 17. Let k be x(-7). What is the highest common factor of 187 and k?
11
Let q(d) = 16*d**2 + 2*d + 27. Let g be q(10). Calculate the greatest common divisor of g and 18.
9
Let q be -33 + 248 + (-6)/(-1). What is the highest common factor of 26 and q?
13
Let t be 4/3 + (-2)/(-3). Suppose -t = -7*h + 12. Calculate the highest common factor of 8 and h.
2
Suppose -2*g = 5*g - 35. Let i be -1*g/(-2)*4. Calculate the greatest common divisor of i and 30.
10
Suppose 68 - 4 = t. Let y = 50 - 44. Let i = t + y. Calculate the greatest common factor of i and 10.
10
Suppose 0 = 5*c - 12 + 2. Suppose v - 9 = -t, c*v = 6*v + t - 36. Suppose 14*r - 840 = v*r. Calculate the highest common divisor of r and 21.
21
Suppose 0 = -4*t + 778 + 366. Let z = -94 + 95. Let s be ((z - 4) + 4)*26. What is the greatest common divisor of t and s?
26
Let q = 2623 - 2271. Calculate the highest common factor of q and 55.
11
Let b(u) be the second derivative of -13/2*u**2 + 1/6*u**3 + 0 + u. Let o be b(14). Calculate the highest common factor of 3 and o.
1
Suppose 2959 + 1864 = 7*l. What is the greatest common factor of l and 13?
13
Suppose -100 = 4*a + 20. Let t be 18/63 - a/(-7). Let h be t/(-6) - 686/(-42). Calculate the greatest common divisor of 85 and h.
17
Suppose -12*f = -9*f - 54. Suppose 2*a + 3*r - 17 = 10, -a = 3*r - f. What is the highest common divisor of 9 and a?
9
Suppose 147 + 108 = 5*b + 4*a, 2*a - 255 = -5*b. Calculate the highest common factor of b and 272.
17
Let j be 200/34 - (88/68)/(-11). Suppose 88 = 3*v - 2*b, 0*v = -5*v + 3*b + 147. What is the greatest common factor of v and j?
6
Let z(u) = -11*u - 4 + 19*u**2 + 13*u - 8*u. Let v be z(-2). Calculate the greatest common factor of v and 12.
12
Suppose 0 = 111*v - 1618 - 1490. Suppose -5*n + 565 = 5*q, -q + 6*q - 453 = -4*n. Calculate the highest common factor of n and v.
28
Let d be ((-93)/2)/((-1)/2). Suppose 4*a = -3*p + 109, -24*p = 2*a - 25*p - 67. Calculate the highest common divisor of a and d.
31
Let f = 13 - 12. Let b be (-16)/10 - (-16)/(-40). Let g be (2/(-6))/(b/6). Calculate the greatest common factor of g and f.
1
Suppose 96 = a + 2*a. Let x(v) = 191*v - 63. Let s be x(1). What is the greatest common factor of a and s?
32
Let h be 77/2*(-32 + 36). Calculate the greatest common divisor of 11 and h.
11
Suppose -344 = 6*f - 1100. Calculate the greatest common factor of f and 18.
18
Let b(m) = m**2 + 36*m + 115. Let r be b(-33). Suppose 0 = -3*o + 6*o + 75. Let n be (-642)/(-5) - (-10)/o. Calculate the highest common divisor of r and n.
16
Suppose 0 = 2*c - 16*c + 14. What is the greatest common divisor of c and 23?
1
Suppose -6 = 3*q - 6*q, 3*w - 4*q = 37. Suppose 0 = m - 3 - 3. Calculate the greatest common factor of w and m.
3
Let o = -25 - -52. Let y = -220 + 211. Let k be (y/o)/(1/(-9)). Calculate the greatest common factor of 24 and k.
3
Suppose -s = 2*q + 3*s - 10, 3*s = -2*q + 11. Let b(l) = 5*l - 25. Let i be b(q). What is the highest common factor of 10 and i?
10
Let p = -21 + 23. Suppose -p*r - 3 = -3*r. Suppose 5*q - r*z - 42 = -0*q, 0 = -q - 2*z - 2. What is the highest common divisor of q and 6?
6
Let q be (-1)/((-32)/10 + 3). What is the greatest common divisor of q and 1?
1
Suppose 3*a = 8*d - 5*d + 60, 3*d = -a + 32. What is the highest common divisor of a and 1472?
23
Let g be (-20)/30*(-15)/2. Suppose 4*m + g*t - 81 = 0, -3*t = 3 - 18. What is the greatest common factor of m and 126?
14
Let h = -102 - -106. What is the greatest common divisor of 28 and h?
4
Let t be ((-12)/(-15))/(1/5). Suppose -6 = q + 5*w, t = 2*w + 12. Calculate the greatest common factor of q and 7.
7
Let z be 4/(-24) + (-3531)/(-18). Let y = 17 + 11. What is the greatest common divisor of y and z?
28
Let c = -34 - -36. Let b be c + (3 - (8 + -1)) + 10. What is the highest common factor of 8 and b?
8
Suppose 0 = -0*l - l - 5. Let k(a) = 2*a**2 + 5*a + 5. Let m be k(l). Calculate the greatest common factor of m and 270.
30
Suppose -x + 0*x = 0. Suppose -2*r - 25 - 21 = x. Let a = r - -38. Calculate the highest common factor of 120 and a.
15
Suppose -3*q + 210 = 33. Let o = 117 - q. Calculate the highest common divisor of o and 87.
29
Let h = 166 - -14. Let d be ((-9)/((-180)/25))/((-2)/(-24)). What is the greatest common divisor of d and h?
15
Let p be (-8 - (-5 + -2))/((-2)/464). What is the greatest common factor of 754 and p?
58
Let d(i) = -i**2 + 8*i**2 + i**3 - 9 + 4*i**2 + 6*i. Let z be d(-6). Calculate the highest common factor of z and 15.
15
Let f be ((-4)/(-8))/((-2)/(-12)). Suppose r + f*c - 274 = 0, -5*r - c = -1426 + 70. Let m = -172 + r. What is the highest common divisor of m and 11?
11
Let n = -138 - -228. Let j = -8 + 8. Suppose 2*x + 2*x - 120 = j. What is the highest common divisor of n and x?
30
Let x be -9*(34/(-85))/(6/(-10)). Let n = 10 + x. Let k be 2/1 - (-1 + -29). Calculate the greatest common divisor of n and k.
4
Suppose 0 = -4*u + 3*u - 3, 3*b - 87 = -3*u. What is the greatest common factor of 160 and b?
32
Suppose -24 = -4*b + 12. Let u(i) = i**2 - 8*i - 3. Let k be u(b). What is the greatest common divisor of 12 and k?
6
Suppose -41 = -2*k + 5*y, 1 = 36*k - 34*k + 3*y. Suppose 2*w - 4 = 2*u - 2*w, 5*u + w - 45 = 0. What is the highest common divisor of k and u?
8
Suppose 0 = 6*r - 6 - 36. Suppose -61 - 198 = -r*j. Let g(s) = 16*s**2 + 3. Let z be g(4). What is the greatest common factor of z and j?
37
Suppose -16*q - 1505 = -23*q. Let k = q + -80. Calculate the greatest common divisor of k and 15.
15
Let q be ((-64)/(-11) + (-18)/(-99))/2. Suppose f - 3*m = 66, 0 = 2*f + f + q*m - 162. Calculate the highest common factor of f and 19.
19
Let x = 178 - 155. Suppose 3*o = 4*t - 7*t + 57, 4 = -t. What is the highest common factor of x and o?
23
Suppose -3*w = 4*c + c - 10, 4*c + 4 = 0. Suppose -4 - 2 = p + 3*l, -w*l - 44 = -4*p. Calculate the highest common factor of 30 and p.
6
Suppose -k + m - 3 = 3*m, -2*k = -2*m - 12. Let z(p) = -p**3 + 34*p**2 - 31*p - 57. Let o be z(33). Calculate the greatest common factor of o and k.
3
Let s(i) = 28*i + 26. Let q be s(3). What is the greatest common divisor of q and 40?
10
Let w(u) = 4*u + 167. Let i be w(-26). What is the greatest common factor of i and 1071?
63
Suppose 4*c = 2*t - 14, -2*c - 71 = -5*t - c. Suppose 2*p + b = 2*b - 37, -4*p - 64 = -4*b. Let i = p - -186. What is the highest common factor of t and i?
15
Let k = -285 - -402. Suppose -o - 4 = 2*w, -3*w - 12 = -2*w - 2*o. Let c(u) = -15*u - 21. Let r be c(w). Calculate the greatest common factor of r and k.
39
Suppose -24 = -2*q - 4. Let p = 91 - 91. Suppose p = -4*v + 2*v + 30. What is the greatest common factor of v and q?
5
Suppose -37 = -2*z - 3*o, -5*z + 4*o + 58 = -3*z. Let q = 452 - 199. Calculate the greatest common factor of q and z.
23
Let m(v) = -v**3 - 30*v**2 - 2*v - 57. Let x be m(-30). Calculate the greatest common factor of 3 and x.
3
Suppose 2 + 6 = 4*n. Suppose 0 = -n*l - 4*d + 24, -6*d + 3*d - 22 = -l. Calculate the greatest common factor of l and 2.
2
Suppose 0 = 2*j + 4*g - 398, 2*j + 14*g - 353 = 19*g. What is the highest common factor of 42 and j?
21
Suppose -16*c - 13 